{"id":5,"date":"2018-11-27T09:17:08","date_gmt":"2018-11-27T08:17:08","guid":{"rendered":"https:\/\/grandmarquesdorado.com\/index.php\/about\/"},"modified":"2024-02-02T02:57:17","modified_gmt":"2024-02-02T01:57:17","slug":"nosotros-2","status":"publish","type":"page","link":"https:\/\/grandmarquesdorado.com\/index.php\/nosotros-2\/","title":{"rendered":"Nosotros"},"content":{"rendered":"\t\t<div data-elementor-type=\"wp-post\" data-elementor-id=\"5\" class=\"elementor elementor-5\" data-elementor-post-type=\"page\">\n\t\t\t\t\t\t\t\t\t<section class=\"elementor-section elementor-top-section elementor-element elementor-element-0bd056d elementor-section-boxed elementor-section-height-default elementor-section-height-default\" data-id=\"0bd056d\" data-element_type=\"section\" data-settings=\"{&quot;background_background&quot;:&quot;classic&quot;}\">\n\t\t\t\t\t\t\t<div class=\"elementor-background-overlay\"><\/div>\n\t\t\t\t\t\t\t<div class=\"elementor-container elementor-column-gap-default\">\n\t\t\t\t\t<div class=\"elementor-column elementor-col-100 elementor-top-column elementor-element elementor-element-91a5fcf\" data-id=\"91a5fcf\" data-element_type=\"column\">\n\t\t\t<div class=\"elementor-widget-wrap elementor-element-populated\">\n\t\t\t\t\t\t\t\t<div class=\"elementor-element elementor-element-63e865f elementor-invisible elementor-widget elementor-widget-image\" data-id=\"63e865f\" data-element_type=\"widget\" data-settings=\"{&quot;_animation&quot;:&quot;fadeInUp&quot;}\" data-widget_type=\"image.default\">\n\t\t\t\t<div class=\"elementor-widget-container\">\n\t\t\t<style>\/*! elementor - v3.16.0 - 09-10-2023 *\/\n.elementor-widget-image{text-align:center}.elementor-widget-image a{display:inline-block}.elementor-widget-image a img[src$=\".svg\"]{width:48px}.elementor-widget-image img{vertical-align:middle;display:inline-block}<\/style>\t\t\t\t\t\t\t\t\t\t\t\t<img decoding=\"async\" loading=\"lazy\" width=\"1024\" height=\"370\" src=\"https:\/\/grandmarquesdorado.com\/wp-content\/uploads\/2023\/11\/1-3-1024x370.png\" class=\"attachment-large size-large wp-image-1185\" alt=\"\" srcset=\"https:\/\/grandmarquesdorado.com\/wp-content\/uploads\/2023\/11\/1-3-1024x370.png 1024w, https:\/\/grandmarquesdorado.com\/wp-content\/uploads\/2023\/11\/1-3-300x108.png 300w, https:\/\/grandmarquesdorado.com\/wp-content\/uploads\/2023\/11\/1-3-768x277.png 768w, https:\/\/grandmarquesdorado.com\/wp-content\/uploads\/2023\/11\/1-3.png 1080w\" sizes=\"(max-width: 1024px) 100vw, 1024px\" \/>\t\t\t\t\t\t\t\t\t\t\t\t\t\t\t<\/div>\n\t\t\t\t<\/div>\n\t\t\t\t\t<\/div>\n\t\t<\/div>\n\t\t\t\t\t\t\t<\/div>\n\t\t<\/section>\n\t\t\t\t<section class=\"elementor-section elementor-top-section elementor-element elementor-element-faa43dc elementor-section-boxed elementor-section-height-default elementor-section-height-default\" data-id=\"faa43dc\" data-element_type=\"section\" data-settings=\"{&quot;background_background&quot;:&quot;gradient&quot;}\">\n\t\t\t\t\t\t<div class=\"elementor-container elementor-column-gap-default\">\n\t\t\t\t\t<div class=\"elementor-column elementor-col-50 elementor-top-column elementor-element elementor-element-b782b39\" data-id=\"b782b39\" data-element_type=\"column\">\n\t\t\t<div class=\"elementor-widget-wrap elementor-element-populated\">\n\t\t\t\t\t\t\t\t<div class=\"elementor-element elementor-element-b04c29f elementor-widget elementor-widget-heading\" data-id=\"b04c29f\" data-element_type=\"widget\" data-widget_type=\"heading.default\">\n\t\t\t\t<div class=\"elementor-widget-container\">\n\t\t\t<style>\/*! elementor - v3.16.0 - 09-10-2023 *\/\n.elementor-heading-title{padding:0;margin:0;line-height:1}.elementor-widget-heading .elementor-heading-title[class*=elementor-size-]>a{color:inherit;font-size:inherit;line-height:inherit}.elementor-widget-heading .elementor-heading-title.elementor-size-small{font-size:15px}.elementor-widget-heading .elementor-heading-title.elementor-size-medium{font-size:19px}.elementor-widget-heading .elementor-heading-title.elementor-size-large{font-size:29px}.elementor-widget-heading .elementor-heading-title.elementor-size-xl{font-size:39px}.elementor-widget-heading .elementor-heading-title.elementor-size-xxl{font-size:59px}<\/style><h2 class=\"elementor-heading-title elementor-size-default\">Esfuerzo y Constancia<\/h2>\t\t<\/div>\n\t\t\t\t<\/div>\n\t\t\t\t<div class=\"elementor-element elementor-element-2ca3de5 elementor-widget-divider--view-line elementor-widget elementor-widget-divider\" data-id=\"2ca3de5\" data-element_type=\"widget\" data-widget_type=\"divider.default\">\n\t\t\t\t<div class=\"elementor-widget-container\">\n\t\t\t<style>\/*! elementor - v3.16.0 - 09-10-2023 *\/\n.elementor-widget-divider{--divider-border-style:none;--divider-border-width:1px;--divider-color:#0c0d0e;--divider-icon-size:20px;--divider-element-spacing:10px;--divider-pattern-height:24px;--divider-pattern-size:20px;--divider-pattern-url:none;--divider-pattern-repeat:repeat-x}.elementor-widget-divider .elementor-divider{display:flex}.elementor-widget-divider .elementor-divider__text{font-size:15px;line-height:1;max-width:95%}.elementor-widget-divider .elementor-divider__element{margin:0 var(--divider-element-spacing);flex-shrink:0}.elementor-widget-divider .elementor-icon{font-size:var(--divider-icon-size)}.elementor-widget-divider .elementor-divider-separator{display:flex;margin:0;direction:ltr}.elementor-widget-divider--view-line_icon .elementor-divider-separator,.elementor-widget-divider--view-line_text .elementor-divider-separator{align-items:center}.elementor-widget-divider--view-line_icon .elementor-divider-separator:after,.elementor-widget-divider--view-line_icon .elementor-divider-separator:before,.elementor-widget-divider--view-line_text .elementor-divider-separator:after,.elementor-widget-divider--view-line_text .elementor-divider-separator:before{display:block;content:\"\";border-bottom:0;flex-grow:1;border-top:var(--divider-border-width) var(--divider-border-style) var(--divider-color)}.elementor-widget-divider--element-align-left .elementor-divider .elementor-divider-separator>.elementor-divider__svg:first-of-type{flex-grow:0;flex-shrink:100}.elementor-widget-divider--element-align-left .elementor-divider-separator:before{content:none}.elementor-widget-divider--element-align-left .elementor-divider__element{margin-left:0}.elementor-widget-divider--element-align-right .elementor-divider .elementor-divider-separator>.elementor-divider__svg:last-of-type{flex-grow:0;flex-shrink:100}.elementor-widget-divider--element-align-right .elementor-divider-separator:after{content:none}.elementor-widget-divider--element-align-right .elementor-divider__element{margin-right:0}.elementor-widget-divider:not(.elementor-widget-divider--view-line_text):not(.elementor-widget-divider--view-line_icon) .elementor-divider-separator{border-top:var(--divider-border-width) var(--divider-border-style) var(--divider-color)}.elementor-widget-divider--separator-type-pattern{--divider-border-style:none}.elementor-widget-divider--separator-type-pattern.elementor-widget-divider--view-line .elementor-divider-separator,.elementor-widget-divider--separator-type-pattern:not(.elementor-widget-divider--view-line) .elementor-divider-separator:after,.elementor-widget-divider--separator-type-pattern:not(.elementor-widget-divider--view-line) .elementor-divider-separator:before,.elementor-widget-divider--separator-type-pattern:not([class*=elementor-widget-divider--view]) .elementor-divider-separator{width:100%;min-height:var(--divider-pattern-height);-webkit-mask-size:var(--divider-pattern-size) 100%;mask-size:var(--divider-pattern-size) 100%;-webkit-mask-repeat:var(--divider-pattern-repeat);mask-repeat:var(--divider-pattern-repeat);background-color:var(--divider-color);-webkit-mask-image:var(--divider-pattern-url);mask-image:var(--divider-pattern-url)}.elementor-widget-divider--no-spacing{--divider-pattern-size:auto}.elementor-widget-divider--bg-round{--divider-pattern-repeat:round}.rtl .elementor-widget-divider .elementor-divider__text{direction:rtl}.e-con-inner>.elementor-widget-divider,.e-con>.elementor-widget-divider{width:var(--container-widget-width,100%);--flex-grow:var(--container-widget-flex-grow)}<\/style>\t\t<div class=\"elementor-divider\">\n\t\t\t<span class=\"elementor-divider-separator\">\n\t\t\t\t\t\t<\/span>\n\t\t<\/div>\n\t\t\t\t<\/div>\n\t\t\t\t<\/div>\n\t\t\t\t<div class=\"elementor-element elementor-element-fc7430c elementor-widget elementor-widget-heading\" data-id=\"fc7430c\" data-element_type=\"widget\" data-widget_type=\"heading.default\">\n\t\t\t\t<div class=\"elementor-widget-container\">\n\t\t\t<h3 class=\"elementor-heading-title elementor-size-default\">Desde que comenzamos hemos cre\u00eddo que a trav\u00e9s del esfuerzo,  constancia y dedicaci\u00f3n podemos lograr grandes objetivos. Esto va de la mano con el Trabajo en Equipo, nuestro valor fundamental como marca.<\/h3>\t\t<\/div>\n\t\t\t\t<\/div>\n\t\t\t\t\t<\/div>\n\t\t<\/div>\n\t\t\t\t<div class=\"elementor-column elementor-col-50 elementor-top-column elementor-element elementor-element-3b132cd\" data-id=\"3b132cd\" data-element_type=\"column\">\n\t\t\t<div class=\"elementor-widget-wrap elementor-element-populated\">\n\t\t\t\t\t\t\t\t<div class=\"elementor-element elementor-element-37a8595 elementor-widget elementor-widget-image\" data-id=\"37a8595\" data-element_type=\"widget\" data-widget_type=\"image.default\">\n\t\t\t\t<div class=\"elementor-widget-container\">\n\t\t\t\t\t\t\t\t\t\t\t\t\t\t\t<img decoding=\"async\" loading=\"lazy\" width=\"1024\" height=\"768\" src=\"https:\/\/grandmarquesdorado.com\/wp-content\/uploads\/2023\/11\/WhatsApp-Image-2023-11-28-at-1.29.18-PM.jpeg\" class=\"attachment-full size-full wp-image-1191\" alt=\"\" srcset=\"https:\/\/grandmarquesdorado.com\/wp-content\/uploads\/2023\/11\/WhatsApp-Image-2023-11-28-at-1.29.18-PM.jpeg 1024w, https:\/\/grandmarquesdorado.com\/wp-content\/uploads\/2023\/11\/WhatsApp-Image-2023-11-28-at-1.29.18-PM-300x225.jpeg 300w, https:\/\/grandmarquesdorado.com\/wp-content\/uploads\/2023\/11\/WhatsApp-Image-2023-11-28-at-1.29.18-PM-768x576.jpeg 768w\" sizes=\"(max-width: 1024px) 100vw, 1024px\" \/>\t\t\t\t\t\t\t\t\t\t\t\t\t\t\t<\/div>\n\t\t\t\t<\/div>\n\t\t\t\t\t<\/div>\n\t\t<\/div>\n\t\t\t\t\t\t\t<\/div>\n\t\t<\/section>\n\t\t\t\t<section class=\"elementor-section elementor-top-section elementor-element elementor-element-59f5087 elementor-section-boxed elementor-section-height-default elementor-section-height-default\" data-id=\"59f5087\" data-element_type=\"section\" data-settings=\"{&quot;background_background&quot;:&quot;classic&quot;}\">\n\t\t\t\t\t\t\t<div class=\"elementor-background-overlay\"><\/div>\n\t\t\t\t\t\t\t<div class=\"elementor-container elementor-column-gap-default\">\n\t\t\t\t\t<div class=\"elementor-column elementor-col-100 elementor-top-column elementor-element elementor-element-be7e025\" data-id=\"be7e025\" data-element_type=\"column\">\n\t\t\t<div class=\"elementor-widget-wrap elementor-element-populated\">\n\t\t\t\t\t\t\t\t<div class=\"elementor-element elementor-element-70a00f2 elementor-hidden-tablet elementor-hidden-mobile elementor-widget elementor-widget-image\" data-id=\"70a00f2\" data-element_type=\"widget\" data-widget_type=\"image.default\">\n\t\t\t\t<div class=\"elementor-widget-container\">\n\t\t\t\t\t\t\t\t\t\t\t\t\t\t\t<img decoding=\"async\" loading=\"lazy\" width=\"1024\" height=\"130\" src=\"https:\/\/grandmarquesdorado.com\/wp-content\/uploads\/2023\/11\/1-1024x130.png\" class=\"attachment-large size-large wp-image-790\" alt=\"\" srcset=\"https:\/\/grandmarquesdorado.com\/wp-content\/uploads\/2023\/11\/1-1024x130.png 1024w, https:\/\/grandmarquesdorado.com\/wp-content\/uploads\/2023\/11\/1-300x38.png 300w, https:\/\/grandmarquesdorado.com\/wp-content\/uploads\/2023\/11\/1-768x97.png 768w, https:\/\/grandmarquesdorado.com\/wp-content\/uploads\/2023\/11\/1-1536x194.png 1536w, https:\/\/grandmarquesdorado.com\/wp-content\/uploads\/2023\/11\/1.png 1920w\" sizes=\"(max-width: 1024px) 100vw, 1024px\" \/>\t\t\t\t\t\t\t\t\t\t\t\t\t\t\t<\/div>\n\t\t\t\t<\/div>\n\t\t\t\t<div class=\"elementor-element elementor-element-b9a6706 elementor-hidden-desktop elementor-widget elementor-widget-image\" data-id=\"b9a6706\" data-element_type=\"widget\" data-widget_type=\"image.default\">\n\t\t\t\t<div class=\"elementor-widget-container\">\n\t\t\t\t\t\t\t\t\t\t\t\t\t\t\t<img decoding=\"async\" loading=\"lazy\" width=\"1024\" height=\"425\" src=\"https:\/\/grandmarquesdorado.com\/wp-content\/uploads\/2023\/11\/3-1024x425.png\" class=\"attachment-large size-large wp-image-794\" alt=\"\" srcset=\"https:\/\/grandmarquesdorado.com\/wp-content\/uploads\/2023\/11\/3-1024x425.png 1024w, https:\/\/grandmarquesdorado.com\/wp-content\/uploads\/2023\/11\/3-300x125.png 300w, https:\/\/grandmarquesdorado.com\/wp-content\/uploads\/2023\/11\/3-768x319.png 768w, https:\/\/grandmarquesdorado.com\/wp-content\/uploads\/2023\/11\/3-1536x638.png 1536w, https:\/\/grandmarquesdorado.com\/wp-content\/uploads\/2023\/11\/3.png 1920w\" sizes=\"(max-width: 1024px) 100vw, 1024px\" \/>\t\t\t\t\t\t\t\t\t\t\t\t\t\t\t<\/div>\n\t\t\t\t<\/div>\n\t\t\t\t<div class=\"elementor-element elementor-element-d395778 elementor-widget elementor-widget-text-editor\" data-id=\"d395778\" data-element_type=\"widget\" data-widget_type=\"text-editor.default\">\n\t\t\t\t<div class=\"elementor-widget-container\">\n\t\t\t<style>\/*! elementor - v3.16.0 - 09-10-2023 *\/\n.elementor-widget-text-editor.elementor-drop-cap-view-stacked .elementor-drop-cap{background-color:#69727d;color:#fff}.elementor-widget-text-editor.elementor-drop-cap-view-framed .elementor-drop-cap{color:#69727d;border:3px solid;background-color:transparent}.elementor-widget-text-editor:not(.elementor-drop-cap-view-default) .elementor-drop-cap{margin-top:8px}.elementor-widget-text-editor:not(.elementor-drop-cap-view-default) .elementor-drop-cap-letter{width:1em;height:1em}.elementor-widget-text-editor .elementor-drop-cap{float:left;text-align:center;line-height:1;font-size:50px}.elementor-widget-text-editor .elementor-drop-cap-letter{display:inline-block}<\/style>\t\t\t\t<p>Forma parte de nuestros distribuidores oficiales, <br \/>teniendo exclusividad\u00a0en la compra directa de nuestros productos.<\/p>\t\t\t\t\t\t<\/div>\n\t\t\t\t<\/div>\n\t\t\t\t<div class=\"elementor-element elementor-element-6577dba elementor-align-center elementor-mobile-align-center elementor-widget elementor-widget-button\" data-id=\"6577dba\" data-element_type=\"widget\" data-widget_type=\"button.default\">\n\t\t\t\t<div class=\"elementor-widget-container\">\n\t\t\t\t\t<div class=\"elementor-button-wrapper\">\n\t\t\t<a class=\"elementor-button elementor-button-link elementor-size-sm\" href=\"https:\/\/grandmarquesdorado.com\/index.php\/contacto\/\">\n\t\t\t\t\t\t<span class=\"elementor-button-content-wrapper\">\n\t\t\t\t\t\t<span class=\"elementor-button-icon elementor-align-icon-right\">\n\t\t\t\t\t\t\t<\/span>\n\t\t\t\t\t\t<span class=\"elementor-button-text\">quiero  ser distribuidor<\/span>\n\t\t<\/span>\n\t\t\t\t\t<\/a>\n\t\t<\/div>\n\t\t\t\t<\/div>\n\t\t\t\t<\/div>\n\t\t\t\t\t<\/div>\n\t\t<\/div>\n\t\t\t\t\t\t\t<\/div>\n\t\t<\/section>\n\t\t\t\t<section class=\"elementor-section elementor-top-section elementor-element elementor-element-75b1d6a elementor-section-boxed elementor-section-height-default elementor-section-height-default\" data-id=\"75b1d6a\" data-element_type=\"section\" data-settings=\"{&quot;background_background&quot;:&quot;gradient&quot;}\">\n\t\t\t\t\t\t<div class=\"elementor-container elementor-column-gap-default\">\n\t\t\t\t\t<div class=\"elementor-column elementor-col-50 elementor-top-column elementor-element elementor-element-66467df\" data-id=\"66467df\" data-element_type=\"column\">\n\t\t\t<div class=\"elementor-widget-wrap elementor-element-populated\">\n\t\t\t\t\t\t\t\t<div class=\"elementor-element elementor-element-1dc39b2 elementor-widget elementor-widget-image\" data-id=\"1dc39b2\" data-element_type=\"widget\" data-widget_type=\"image.default\">\n\t\t\t\t<div class=\"elementor-widget-container\">\n\t\t\t\t\t\t\t\t\t\t\t\t\t\t\t<img decoding=\"async\" loading=\"lazy\" width=\"1024\" height=\"768\" src=\"https:\/\/grandmarquesdorado.com\/wp-content\/uploads\/2023\/11\/WhatsApp-Image-2023-11-28-at-1.28.48-PM.jpeg\" class=\"attachment-full size-full wp-image-1192\" alt=\"\" srcset=\"https:\/\/grandmarquesdorado.com\/wp-content\/uploads\/2023\/11\/WhatsApp-Image-2023-11-28-at-1.28.48-PM.jpeg 1024w, https:\/\/grandmarquesdorado.com\/wp-content\/uploads\/2023\/11\/WhatsApp-Image-2023-11-28-at-1.28.48-PM-300x225.jpeg 300w, https:\/\/grandmarquesdorado.com\/wp-content\/uploads\/2023\/11\/WhatsApp-Image-2023-11-28-at-1.28.48-PM-768x576.jpeg 768w\" sizes=\"(max-width: 1024px) 100vw, 1024px\" \/>\t\t\t\t\t\t\t\t\t\t\t\t\t\t\t<\/div>\n\t\t\t\t<\/div>\n\t\t\t\t\t<\/div>\n\t\t<\/div>\n\t\t\t\t<div class=\"elementor-column elementor-col-50 elementor-top-column elementor-element elementor-element-261cb02\" data-id=\"261cb02\" data-element_type=\"column\">\n\t\t\t<div class=\"elementor-widget-wrap elementor-element-populated\">\n\t\t\t\t\t\t\t\t<div class=\"elementor-element elementor-element-37b32cc elementor-widget elementor-widget-heading\" data-id=\"37b32cc\" data-element_type=\"widget\" data-widget_type=\"heading.default\">\n\t\t\t\t<div class=\"elementor-widget-container\">\n\t\t\t<h2 class=\"elementor-heading-title elementor-size-default\">Misi\u00f3n y Visi\u00f3n<\/h2>\t\t<\/div>\n\t\t\t\t<\/div>\n\t\t\t\t<div class=\"elementor-element elementor-element-7038bac elementor-widget-divider--view-line elementor-widget elementor-widget-divider\" data-id=\"7038bac\" data-element_type=\"widget\" data-widget_type=\"divider.default\">\n\t\t\t\t<div class=\"elementor-widget-container\">\n\t\t\t\t\t<div class=\"elementor-divider\">\n\t\t\t<span class=\"elementor-divider-separator\">\n\t\t\t\t\t\t<\/span>\n\t\t<\/div>\n\t\t\t\t<\/div>\n\t\t\t\t<\/div>\n\t\t\t\t<div class=\"elementor-element elementor-element-ed6c9b5 elementor-widget elementor-widget-heading\" data-id=\"ed6c9b5\" data-element_type=\"widget\" data-widget_type=\"heading.default\">\n\t\t\t\t<div class=\"elementor-widget-container\">\n\t\t\t<h3 class=\"elementor-heading-title elementor-size-default\">Crear, producir y distribuir un licor de la mejor calidad y la mejor relaci\u00f3n precio valor. En Grand Marqu\u00e9s Dorado, creamos no solo bebidas, creamos el complemento perfecto para los amantes del buen licor, siendo su primera opci\u00f3n entre los licores nacionales e internacionales.\n<\/h3>\t\t<\/div>\n\t\t\t\t<\/div>\n\t\t\t\t\t<\/div>\n\t\t<\/div>\n\t\t\t\t\t\t\t<\/div>\n\t\t<\/section>\n\t\t\t\t<section class=\"elementor-section elementor-top-section elementor-element elementor-element-752129e elementor-section-boxed elementor-section-height-default elementor-section-height-default\" data-id=\"752129e\" data-element_type=\"section\" data-settings=\"{&quot;background_background&quot;:&quot;classic&quot;}\">\n\t\t\t\t\t\t\t<div class=\"elementor-background-overlay\"><\/div>\n\t\t\t\t\t\t\t<div class=\"elementor-container elementor-column-gap-default\">\n\t\t\t\t\t<div class=\"elementor-column elementor-col-50 elementor-top-column elementor-element elementor-element-bd4db66\" data-id=\"bd4db66\" data-element_type=\"column\">\n\t\t\t<div class=\"elementor-widget-wrap elementor-element-populated\">\n\t\t\t\t\t\t\t\t<div class=\"elementor-element elementor-element-986e862 elementor-hidden-tablet elementor-hidden-mobile elementor-widget elementor-widget-image\" data-id=\"986e862\" data-element_type=\"widget\" data-widget_type=\"image.default\">\n\t\t\t\t<div class=\"elementor-widget-container\">\n\t\t\t\t\t\t\t\t\t\t\t\t\t\t\t<img decoding=\"async\" loading=\"lazy\" width=\"1024\" height=\"130\" src=\"https:\/\/grandmarquesdorado.com\/wp-content\/uploads\/2023\/11\/titulosv2-1024x130.png\" class=\"attachment-large size-large wp-image-1210\" alt=\"\" srcset=\"https:\/\/grandmarquesdorado.com\/wp-content\/uploads\/2023\/11\/titulosv2-1024x130.png 1024w, https:\/\/grandmarquesdorado.com\/wp-content\/uploads\/2023\/11\/titulosv2-300x38.png 300w, https:\/\/grandmarquesdorado.com\/wp-content\/uploads\/2023\/11\/titulosv2-768x97.png 768w, https:\/\/grandmarquesdorado.com\/wp-content\/uploads\/2023\/11\/titulosv2.png 1080w\" sizes=\"(max-width: 1024px) 100vw, 1024px\" \/>\t\t\t\t\t\t\t\t\t\t\t\t\t\t\t<\/div>\n\t\t\t\t<\/div>\n\t\t\t\t<div class=\"elementor-element elementor-element-b3fb92d elementor-hidden-desktop elementor-widget elementor-widget-image\" data-id=\"b3fb92d\" data-element_type=\"widget\" data-widget_type=\"image.default\">\n\t\t\t\t<div class=\"elementor-widget-container\">\n\t\t\t\t\t\t\t\t\t\t\t\t\t\t\t<img decoding=\"async\" loading=\"lazy\" width=\"1024\" height=\"324\" src=\"https:\/\/grandmarquesdorado.com\/wp-content\/uploads\/2023\/11\/titulos-Recuperado-1024x324.png\" class=\"attachment-large size-large wp-image-1208\" alt=\"\" srcset=\"https:\/\/grandmarquesdorado.com\/wp-content\/uploads\/2023\/11\/titulos-Recuperado-1024x324.png 1024w, https:\/\/grandmarquesdorado.com\/wp-content\/uploads\/2023\/11\/titulos-Recuperado-300x95.png 300w, https:\/\/grandmarquesdorado.com\/wp-content\/uploads\/2023\/11\/titulos-Recuperado-768x243.png 768w, https:\/\/grandmarquesdorado.com\/wp-content\/uploads\/2023\/11\/titulos-Recuperado.png 1080w\" sizes=\"(max-width: 1024px) 100vw, 1024px\" \/>\t\t\t\t\t\t\t\t\t\t\t\t\t\t\t<\/div>\n\t\t\t\t<\/div>\n\t\t\t\t<div class=\"elementor-element elementor-element-6ded0a3 elementor-widget elementor-widget-text-editor\" data-id=\"6ded0a3\" data-element_type=\"widget\" data-widget_type=\"text-editor.default\">\n\t\t\t\t<div class=\"elementor-widget-container\">\n\t\t\t\t\t\t\t<p>Nuestros licores van de la mano de la experiencia, por eso trabajamos con nuestro Maestro Ronero Carlos M\u00e9ndez, quien tiene una conexi\u00f3n con el ron desde su ni\u00f1ez, influido por su padre Enrique Mendez quien fue maestro Ronero por m\u00e1s de 55 a\u00f1os, heredando de \u00e9l su amor, su conocimiento y el respeto por la cultura de hacer Ron<\/p><p>Nuestro Maestro Ronero fue certificado por el Fondo Promocional de Ron en Venezuela (FONPROVEN) en 2016\u00a0 ampliando su experiencia en grandes empresas de ron venezolano, a\u00f1os despu\u00e9s en el a\u00f1o 2020 hace parte de un nuevo proyecto, que hoy en d\u00eda es Grand Marqu\u00e9s, siendo el Maestro Ronero y creador de todo el portafolio de productos vigentes en nuestra marca.<\/p>\t\t\t\t\t\t<\/div>\n\t\t\t\t<\/div>\n\t\t\t\t\t<\/div>\n\t\t<\/div>\n\t\t\t\t<div class=\"elementor-column elementor-col-50 elementor-top-column elementor-element elementor-element-f0ff382\" data-id=\"f0ff382\" data-element_type=\"column\">\n\t\t\t<div class=\"elementor-widget-wrap elementor-element-populated\">\n\t\t\t\t\t\t\t\t<div class=\"elementor-element elementor-element-7c9b02d elementor-widget elementor-widget-image\" data-id=\"7c9b02d\" data-element_type=\"widget\" data-widget_type=\"image.default\">\n\t\t\t\t<div class=\"elementor-widget-container\">\n\t\t\t\t\t\t\t\t\t\t\t\t\t\t\t<img decoding=\"async\" loading=\"lazy\" width=\"2560\" height=\"2560\" src=\"https:\/\/grandmarquesdorado.com\/wp-content\/uploads\/2023\/11\/WhatsApp-Image-2023-11-28-at-2.59.00-PM-1.jpeg\" class=\"attachment-full size-full wp-image-1259\" alt=\"\" srcset=\"https:\/\/grandmarquesdorado.com\/wp-content\/uploads\/2023\/11\/WhatsApp-Image-2023-11-28-at-2.59.00-PM-1.jpeg 2560w, https:\/\/grandmarquesdorado.com\/wp-content\/uploads\/2023\/11\/WhatsApp-Image-2023-11-28-at-2.59.00-PM-1-300x300.jpeg 300w, https:\/\/grandmarquesdorado.com\/wp-content\/uploads\/2023\/11\/WhatsApp-Image-2023-11-28-at-2.59.00-PM-1-1024x1024.jpeg 1024w, https:\/\/grandmarquesdorado.com\/wp-content\/uploads\/2023\/11\/WhatsApp-Image-2023-11-28-at-2.59.00-PM-1-150x150.jpeg 150w, https:\/\/grandmarquesdorado.com\/wp-content\/uploads\/2023\/11\/WhatsApp-Image-2023-11-28-at-2.59.00-PM-1-768x768.jpeg 768w, https:\/\/grandmarquesdorado.com\/wp-content\/uploads\/2023\/11\/WhatsApp-Image-2023-11-28-at-2.59.00-PM-1-1536x1536.jpeg 1536w, https:\/\/grandmarquesdorado.com\/wp-content\/uploads\/2023\/11\/WhatsApp-Image-2023-11-28-at-2.59.00-PM-1-2048x2048.jpeg 2048w\" sizes=\"(max-width: 2560px) 100vw, 2560px\" \/>\t\t\t\t\t\t\t\t\t\t\t\t\t\t\t<\/div>\n\t\t\t\t<\/div>\n\t\t\t\t\t<\/div>\n\t\t<\/div>\n\t\t\t\t\t\t\t<\/div>\n\t\t<\/section>\n\t\t\t\t\t\t\t<\/div>\n\t\t","protected":false},"excerpt":{"rendered":"<p>Esfuerzo y Constancia Desde que comenzamos hemos cre\u00eddo que a trav\u00e9s del esfuerzo, constancia y dedicaci\u00f3n podemos lograr grandes objetivos. Esto va de la mano con el Trabajo en Equipo, nuestro valor fundamental como marca. Forma parte de nuestros distribuidores oficiales, teniendo exclusividad\u00a0en la compra directa de nuestros productos. quiero ser distribuidor Misi\u00f3n y Visi\u00f3n &hellip;<\/p>\n<p class=\"read-more\"> <a class=\"\" href=\"https:\/\/grandmarquesdorado.com\/index.php\/nosotros-2\/\"> <span class=\"screen-reader-text\">Nosotros<\/span> Read More &raquo;<\/a><\/p>\n","protected":false},"author":1,"featured_media":0,"parent":0,"menu_order":0,"comment_status":"closed","ping_status":"closed","template":"","meta":{"_monsterinsights_skip_tracking":false,"_monsterinsights_sitenote_active":false,"_monsterinsights_sitenote_note":"","_monsterinsights_sitenote_category":0,"site-sidebar-layout":"no-sidebar","site-content-layout":"page-builder","ast-site-content-layout":"","site-content-style":"default","site-sidebar-style":"default","ast-global-header-display":"","ast-banner-title-visibility":"","ast-main-header-display":"","ast-hfb-above-header-display":"","ast-hfb-below-header-display":"","ast-hfb-mobile-header-display":"","site-post-title":"disabled","ast-breadcrumbs-content":"","ast-featured-img":"disabled","footer-sml-layout":"","theme-transparent-header-meta":"enabled","adv-header-id-meta":"","stick-header-meta":"","header-above-stick-meta":"","header-main-stick-meta":"","header-below-stick-meta":"","astra-migrate-meta-layouts":"","footnotes":""},"_links":{"self":[{"href":"https:\/\/grandmarquesdorado.com\/index.php\/wp-json\/wp\/v2\/pages\/5"}],"collection":[{"href":"https:\/\/grandmarquesdorado.com\/index.php\/wp-json\/wp\/v2\/pages"}],"about":[{"href":"https:\/\/grandmarquesdorado.com\/index.php\/wp-json\/wp\/v2\/types\/page"}],"author":[{"embeddable":true,"href":"https:\/\/grandmarquesdorado.com\/index.php\/wp-json\/wp\/v2\/users\/1"}],"replies":[{"embeddable":true,"href":"https:\/\/grandmarquesdorado.com\/index.php\/wp-json\/wp\/v2\/comments?post=5"}],"version-history":[{"count":53,"href":"https:\/\/grandmarquesdorado.com\/index.php\/wp-json\/wp\/v2\/pages\/5\/revisions"}],"predecessor-version":[{"id":1281,"href":"https:\/\/grandmarquesdorado.com\/index.php\/wp-json\/wp\/v2\/pages\/5\/revisions\/1281"}],"wp:attachment":[{"href":"https:\/\/grandmarquesdorado.com\/index.php\/wp-json\/wp\/v2\/media?parent=5"}],"curies":[{"name":"wp","href":"https:\/\/api.w.org\/{rel}","templated":true}]}}